t common factor of 630055 and 4325?
5
Calculate the highest common factor of 4313 and 1631449.
227
Calculate the greatest common factor of 577675 and 204575.
175
What is the highest common factor of 200 and 277205?
5
Calculate the greatest common divisor of 190632 and 90240.
1128
What is the greatest common divisor of 25308 and 108243?
171
What is the greatest common divisor of 57220240 and 55?
55
Calculate the greatest common factor of 31498520 and 3469.
3469
Calculate the greatest common factor of 23049036 and 146556.
2484
Calculate the greatest common factor of 1522653 and 4653.
33
Calculate the highest common factor of 3481224 and 2847.
219
Calculate the highest common divisor of 33900 and 803820.
60
What is the highest common factor of 12280 and 2720?
40
What is the highest common factor of 10403 and 1653471?
101
What is the highest common divisor of 6643 and 18848089?
949
Calculate the greatest common factor of 1891438 and 13.
1
Calculate the highest common factor of 264 and 6538488.
264
Calculate the highest common divisor of 185041036 and 8.
4
What is the greatest common factor of 2984 and 337941357?
373
Calculate the greatest common factor of 792 and 12105071.
11
What is the greatest common divisor of 2200 and 729960?
440
What is the greatest common factor of 1439113780 and 260?
260
What is the highest common divisor of 27 and 7001277?
3
What is the greatest common factor of 874144 and 116?
4
Calculate the highest common factor of 2520 and 1137332952.
504
Calculate the highest common factor of 24655664 and 132.
44
Calculate the highest common factor of 453142575 and 225.
225
Calculate the greatest common factor of 1874409 and 83.
1
What is the greatest common divisor of 11023 and 839573?
73
What is the greatest common factor of 35 and 927785?
5
What is the greatest common divisor of 2267780 and 23840?
2980
Calculate the highest common divisor of 50105520 and 580.
20
Calculate the greatest common factor of 1789 and 45952.
1
Calculate the highest common factor of 1035682 and 95387.
181
Calculate the highest common factor of 51579 and 196137.
9
Calculate the highest common factor of 27239710 and 472.
118
Calculate the highest common divisor of 152456 and 71213.
1003
Calculate the greatest common divisor of 1872 and 500912.
16
Calculate the highest common divisor of 595084105 and 1925.
385
What is the greatest common factor of 920064199 and 11974?
5987
What is the highest common factor of 8274189 and 102?
51
Calculate the highest common factor of 9324 and 18864972.
252
Calculate the highest common factor of 50 and 14160560.
10
What is the greatest common divisor of 364230 and 18810?
1710
Calculate the greatest common divisor of 20973274 and 34.
34
Calculate the highest common factor of 30388 and 632837697.
7597
What is the highest common divisor of 340440 and 44712?
24
What is the highest common factor of 12160116 and 27?
9
What is the highest common divisor of 1998914 and 1476?
82
Calculate the highest common divisor of 74564145 and 775.
155
Calculate the highest common divisor of 820180 and 50075555.
8915
Calculate the greatest common divisor of 692 and 44450447.
173
Calculate the highest common factor of 14521827 and 12.
3
Calculate the highest common divisor of 72207 and 100323.
639
Calculate the greatest common divisor of 56623181 and 166.
83
What is the greatest common factor of 1592 and 28206260?
796
Calculate the greatest common factor of 288 and 23573952.
288
Calculate the highest common divisor of 72 and 1409571.
9
Calculate the highest common factor of 629350 and 80.
10
Calculate the greatest common divisor of 15567008 and 489456.
1648
What is the greatest common factor of 8160 and 33576?
24
Calculate the greatest common factor of 62760 and 50460.
60
What is the greatest common factor of 10514 and 5408?
2
Calculate the highest common factor of 189 and 277207.
7
Calculate the highest common divisor of 5222 and 78911.
7
Calculate the highest common divisor of 78581587 and 7.
7
Calculate the highest common divisor of 457887585 and 30.
15
Calculate the highest common divisor of 1719 and 164142.
9
Calculate the highest common divisor of 628992 and 2163168.
2016
Calculate the highest common divisor of 2300 and 170691050.
1150
What is the greatest common factor of 111352148 and 9528?
1588
What is the highest common divisor of 5450640 and 2636223?
5241
What is the greatest common divisor of 13889725 and 1075?
25
Calculate the greatest common factor of 17442 and 62673951.
969
Calculate the highest common divisor of 1600 and 76122300.
100
What is the greatest common divisor of 4337736 and 37752?
312
Calculate the greatest common factor of 19802570 and 3357.
373
What is the highest common factor of 56 and 177939328?
56
Calculate the greatest common factor of 1845 and 94015665.
1845
Calculate the highest common divisor of 47170 and 605645.
445
What is the highest common divisor of 7579 and 529174048?
689
Calculate the greatest common factor of 1329 and 777753393.
1329
What is the highest common divisor of 1241344 and 13349297?
4849
Calculate the highest common divisor of 4802862 and 42.
6
Calculate the greatest common factor of 141 and 4565768.
47
What is the highest common divisor of 337284846 and 152?
38
Calculate the greatest common factor of 150 and 35955975.
75
Calculate the highest common factor of 1628424 and 3456.
216
Calculate the greatest common factor of 76830376 and 56.
56
Calculate the greatest common factor of 1696360 and 648.
8
What is the highest common divisor of 540837303 and 51?
51
Calculate the highest common divisor of 170935050 and 7436.
3718
What is the highest common divisor of 162 and 89078940?
162
What is the greatest common factor of 57350095 and 7480?
935
What is the highest common factor of 6675 and 14863?
89
Calculate the highest common factor of 16968 and 46160232.
2424
What is the greatest common divisor of 99424 and 9227312?
3824
What is the highest common divisor of 1554 and 64610140?
518
Calculate the greatest common divisor of 49450225 and 75.
25
Calculate the greatest common divisor of 372 and 661308.
12
What is the greatest common divisor of 1001047 and 23?
1
Calculate the greatest common divisor of 60424 and 1607544.
664
Calculate the highest common factor of 9352970 and 180.
10
Calculate the greatest common divisor of 38078 and 297394.
482
Calculate the greatest common divisor of 39798 and 5104462.
1474
Calculate the highest common factor of 8762 and 2789012.
674
Calculate the highest common factor of 180 and 6540516.
36
Calculate the greatest common divisor of 11222 and 10117656.
62
What is the highest common factor of 11 and 2242031?
11
Calculate the highest common factor of 234 and 2872064.
26
What is the highest common divisor of 295155 and 11970?
315
Calculate the greatest common factor of 18477176 and 1160.
232
Calculate the highest common factor of 41246867 and 5.
1
What is the highest common divisor of 503124 and 300?
12
Calculate the highest common factor of 146346 and 74598.
6
Calculate the highest common factor of 126852 and 885918.
2046
Calculate the greatest common factor of 10285 and 203269.
187
What is the highest common factor of 3914 and 2254730?
38
Calculate the highest common divisor of 328620 and 32895.
15
Calculate the highest common divisor of 158800 and 35333.
397
What is the greatest common divisor of 39477185 and 4246?
2123
What is the greatest common factor of 28 and 9094883?
7
What is the highest common factor of 126 and 45653517?
63
What is the highest common divisor of 65832 and 91?
13
Calculate the highest common divisor of 1720 and 882230.
10
Calculate the highest common divisor of 24514600 and 200.
200
What is the greatest common factor of 25997718 and 18?
6
What is the greatest common factor of 256284 and 4828572?
2268
Calculate the highest common factor of 621338 and 82004.
3154
Calculate the highest common factor of 6118 and 6966274.
266
What is the highest common factor of 45 and 267165255?
15
Calculate the greatest common factor of 10 and 100186560.
10
What is the highest common factor of 77104 and 12497168?
1264
Calculate the highest common divisor of 46672254 and 1188.
54
Calculate the highest common factor of 6944 and 40650176.
6944
Calculate the greatest 